Suppose -4897 = -4*r + x. Is r composite?
False
Is ((-5)/6 - (-22)/(-132)) + 7986 prime?
False
Let h(g) = 13696*g + 59. Is h(2) a prime number?
False
Suppose 16*r - 307689 + 61945 = 0. Is r a prime number?
True
Let h(w) = w**3 + 15*w**2 - 13*w + 1. Suppose 2*i - 5 = 1. Suppose 30 = -3*c - y, -y - i*y - 30 = 3*c. Is h(c) composite?
False
Suppose 2*b - 1026 + 160 = 2*v, 15 = -5*v. Suppose 4*j = -5*f - 1125, -753 - 158 = 4*f + j. Let y = f + b. Is y prime?
False
Is (-72063)/(-12) - 17/68 prime?
False
Suppose p - 1488 + 83 = 3*a, a = -3*p + 4195. Is p composite?
False
Suppose -50*z = -41*z - 3015. Is z a composite number?
True
Suppose 5*i + 64 - 1739 = 0. Is 9*i - (0 - 12/3) prime?
True
Suppose -238805 = -19*f - 16*f. Is f a prime number?
True
Let o(w) = w**2 + 10*w - 6. Let a be o(-11). Let v(y) = 3*y + 44*y**2 + 4 + 12 - a*y - 21. Is v(-3) a prime number?
True
Is (7920 - -1) + ((-40)/(-4) - 12) prime?
True
Let g = -109 - -203. Let o be (73*1)/((-4)/16*4). Let a = g - o. Is a a composite number?
False
Suppose -u - h + 18 = 0, 0 = -0*u + 2*u - 4*h - 12. Suppose 6*q + 1608 = u*q. Is q a composite number?
True
Suppose -4*t + t = -9. Suppose -4*g = 20, t*i - 6 - 5 = g. Suppose i*z - 5*z + 111 = 0. Is z a composite number?
False
Let q = -22 - -48. Let m be (-4)/26 + 11184/q. Let u = m + -245. Is u composite?
True
Is 326*-10*12/(-240) prime?
True
Suppose -4*z - 20 = 0, 0 = -12*u + 16*u + z - 129863. Is u prime?
True
Suppose 4*q - 214 = -2*j, 0 = q - 4*q - 5*j + 143. Let o be (-6)/(-4)*q/21. Suppose -5*l - 15 = 0, -3*a + 6*a - 18 = -o*l. Is a composite?
True
Let i = 37993 - -9131. Is 2/(-4) - i/(-56) a composite number?
True
Suppose 0 = -3*l, -7*z + 1275 = -2*z - 4*l. Let d be z/(-10)*(-44)/(-3). Is -4*(-1 - d/(-8)) composite?
False
Suppose 4*p = p + 2067. Suppose 0 = 3*r + 3*u - 657, r - 5*u = -2*r + p. Suppose -14*m + 15*m = r. Is m a prime number?
True
Let n(s) = 2*s**3 - 22*s**2 + s - 13. Is n(24) a prime number?
False
Let a be 6489/6 + 2/(-4). Suppose a = u - q - 27, -5520 = -5*u + q. Suppose 5*h + 3*b - 1846 = 0, -3*b + 1 = 3*h - u. Is h composite?
True
Suppose -52*r - 31956 = -f - 53*r, -5 = -r. Is f a composite number?
True
Is (-2 + 3 - (-14)/(-28))*28102 composite?
False
Suppose -34*m = -37*m + 58221. Is m a prime number?
False
Suppose 0 = d - 7*l + 3*l + 15, -4*d - 2*l - 6 = 0. Let k = d + 6. Is -3 + (9/k - -211) a composite number?
False
Suppose 2*v + z + 1096 = -2*v, 1096 = -4*v + 5*z. Let l = -454 - v. Let s = l + 313. Is s a composite number?
True
Is ((-3460)/30)/((-8)/1284) a composite number?
True
Suppose 0*h + 5*h - 40 = 2*s, 0 = h - s - 8. Suppose -5*p = -2*c - 1173, c = 3*c + h. Is p a prime number?
True
Let d be ((-28)/(-35))/(2/(-15)). Let n be (-33)/(-7) + d/(-21). Suppose 3*o + 606 = n*o. Is o composite?
True
Is ((2 - 0) + -4148)*7/(-14) prime?
False
Let v be (-15)/(-20) - 43/(-8)*-2. Is ((-324)/v - 1) + 2/(-5) a composite number?
False
Suppose -6 = -5*c + 8*c. Is 3 + 3*c - -137 a prime number?
False
Let l = 33120 - 13299. Is l a prime number?
False
Let s = 0 - 4. Let c = -2 - s. Suppose b = 2*o + 215, -2*o - 420 = -0*b - c*b. Is b a composite number?
True
Let b = 32 + -32. Suppose b = -4*c - 4*k + 804 + 204, -4*c + 3*k + 1043 = 0. Is c a prime number?
True
Let v be ((-42)/4)/((-13)/182). Suppose -4*z + 0*z - 288 = 4*u, 4*z + 276 = -u. Let i = v + z. Is i a composite number?
False
Suppose -b = 5*a + 27069, -5*a - 11949 = -4*b + 15125. Let m = a - -16713. Is m prime?
True
Suppose 8*g = -3*m + 3*g - 5, 3*g = -12. Suppose m*y - y - 836 = 0. Is y a composite number?
True
Suppose 14*v - 44201 = 19653. Is v a prime number?
True
Let y = 21 + -14. Suppose -y*z + 456 = -3*z. Is 3 + z + -1 + -1 prime?
False
Let f(c) = -3*c**3 + 5*c**2 - 11*c - 23. Is f(-4) a composite number?
False
Let t be (0 - 0) + 80/1. Suppose 0 = -2*h + 4*f + 20, 5*h - t = -8*f + 3*f. Is 268/(-16)*-2*h a composite number?
True
Let g be (-3)/7 + (-405108)/154. Is g/(-2)*4/6 prime?
True
Suppose 154*n - 95785 = 149*n. Is n a prime number?
True
Let m(t) = -1. Let l(d) = -204*d**2 + d + 5. Let z(r) = l(r) + 3*m(r). Let f(p) be the first derivative of z(p). Is f(-1) a composite number?
False
Suppose 0 = 5*z + 7*y - 2*y, -5*y = 15. Let h be z/4 - (-870)/(-8). Let r = 195 + h. Is r composite?
True
Is -10 + -6*(-4962)/4 a prime number?
True
Suppose 5*m + 20 = 4*g, 0*m - 2*m + 8 = 0. Is ((-1174)/(-4))/(g/20) prime?
True
Let x(k) = 77*k**2 - 49*k - 1. Is x(-13) composite?
False
Let f be 6/4*(-10)/(-5). Suppose 0 = -0*c + f*c. Suppose c = -x - 3*x + 124. Is x composite?
False
Let d = 5846 + -3213. Is d a composite number?
False
Suppose t + 8 = 5*t, 0 = -3*u - t + 36449. Is u a composite number?
False
Let z(s) = 38*s**2 + 12*s - 7. Let a be ((-160)/24 - -6) + (-52)/(-6). Is z(a) prime?
True
Suppose -i - 4*i = -20. Suppose -28 = i*r - 2*j, -j + 7 = r + 2*j. Let x = r + 38. Is x composite?
True
Let g(p) = -p**2 + 6*p - 1. Let b be g(5). Suppose b*w = 95 - 15. Is (w/16)/(2/88) a composite number?
True
Let u be (-2)/((1 - 3)/2). Suppose 282 = -5*g + 4*f, -3*g - 2*g - u*f = 264. Let v = g + 301. Is v a composite number?
True
Suppose 0 = -3*o + 9 + 3. Suppose -1146 = -o*q + 1930. Is q prime?
True
Let i be ((-299)/(-52))/((-2)/(-8)). Suppose 0 = 4*q + i - 7. Is (-22)/(-33)*(-1758)/q prime?
True
Let w = 14196 + 21973. Is w prime?
False
Let s(u) = -u**3 + 9*u**2 - 8*u + 4. Let i be s(8). Suppose -2133 - 1808 = -l + b, -15770 = -i*l + b. Is l composite?
False
Let x(g) = 25*g**2 - 25*g + 43. Is x(13) prime?
True
Let j(v) = v**2 + 16*v + 2. Let d(q) = -q**2 - 1. Let g(h) = -4*d(h) - j(h). Is g(13) a prime number?
False
Let w = -31 + 36. Suppose 0 = -2*l - w*b + 983, 1467 = 3*l + 5*b - 0*b. Let v = l - 269. Is v a prime number?
False
Let n(u) = -u**3 + 3*u + 2. Let l be n(-2). Suppose p - 1 = 0, 0*s - 29 = -l*s - 5*p. Suppose -s*f + 5020 = -2*f. Is f composite?
True
Suppose 23*z - 20 = 18*z. Suppose -2*s = j - 50, z*s - 262 = -5*j - 0*j. Suppose 2*l - j = 4*u, 15 = -2*l + 3*l + 4*u. Is l composite?
False
Let j = 2251 - 1159. Let q = 3085 + j. Is q a composite number?
False
Let g(o) = -o**3 - 9*o**2 - 7*o + 10. Let h be g(-8). Suppose 4*q + 102 = 2*x, 34 = -h*x + 3*q + 137. Is x a composite number?
False
Is 18622*8*6/96 a composite number?
False
Suppose 0 = -4*s - 5*m + 20, s + s - 10 = m. Suppose -4*g + 11312 = -5*k, 3*k + s = -7. Is g composite?
True
Let p(f) = -f**2 + 8*f + 11. Let r be p(9). Suppose 4*u - 4*y - 342 = -3*y, 166 = r*u + 2*y. Is u a prime number?
False
Let o = -18880 - -29237. Is o a composite number?
False
Suppose -12*l + 26262 = 6*l. Is l prime?
True
Let k be (14546/10 + 1)/(1/(-5)). Is 6/4*k/(-9) prime?
True
Let l be 1 + (-1)/2 - 15463/(-14). Suppose -14*v + l = -1611. Is v composite?
True
Let y(l) = 5*l**2 - 8*l + 4. Let k = -17 - -19. Suppose 5*f - 2*n = 17, 3*f + k*n - 31 = -2*n. Is y(f) composite?
False
Suppose 32*r = 37*r - 15. Suppose -r*h - 487 = -x, 923 = 4*x + 2*h - 1081. Is x a prime number?
True
Suppose 18*j - 52*j + 1866838 = 0. Is j a prime number?
True
Let t = 22931 + -13626. Is t composite?
True
Let v(c) = c**2 - 13*c - 8. Let t = 25 + -15. Suppose t + 2 = -2*i. Is v(i) a prime number?
False
Let n = 515 - -572. Let r = n - 522. Is r prime?
False
Is -1 + 563 + (3 + 1)/4 prime?
True
Let p = 23811 + -10916. Is p composite?
True
Let f(u) = -u - 10. Let b be f(-7). Let p be b/(-15) + (-84)/(-5). Let j(g) = -g**3 + 22*g**2 - 22*g - 16. Is j(p) prime?
False
Suppose -4295 = -4*p + o, p - 4*o - 290 = 795. Is p a composite number?
True
Let y be 2/(-4)*0 - -9. Let o = 13 - y. Suppose o*u - 3*u = 557. Is u a composite number?
False
Let g(b) = 9*b**3 + b**2 + 4*b. Let s be g(-2). Is (3/2)/((-6)/s) composite?
False
Let f(c) = -2*c**3 + 3*c**2 + 6*c + 7. Let h be f(-3). Let k(d) = 3*d**2 + 3*d - 3. Let j be k(5). Suppose -r = -h - j. Is r a prime number?
True
Let t be 2/5 - (-28)/5. Suppose -2*i = -t*i. Suppose -5*y = -i*y - 1015. Is y prime?
False
Let a = 55 + -60. Let d(r) = -5*r**3 + 8*r**2 + 12*r + 2. Is d(a) a composite number?
True
Let i(b) = b**2 + 2*b + 3. Let w be i(-2). Suppose 0 = -23*j + 12*j + 55. Suppose -h = -j + w. Is h prime?
True
Suppose -134 - 28 = -f. Suppose -2*g = -j - 1 + f, -4*g = -j + 163. Suppose -j = -y - 2*y. Is y a composite number?
False
Le